{"id":459,"date":"2025-01-15T12:49:18","date_gmt":"2025-01-15T11:49:18","guid":{"rendered":"https:\/\/www.kavoszvf.hu\/?page_id=459"},"modified":"2025-01-15T13:10:08","modified_gmt":"2025-01-15T12:10:08","slug":"mfb-gazdasag-ujjaepitesi-hitel-program","status":"publish","type":"page","link":"https:\/\/www.kavoszvf.hu\/?page_id=459","title":{"rendered":"MFB Gazdas\u00e1g \u00dajj\u00e1\u00e9p\u00edt\u00e9si Hitel Program"},"content":{"rendered":"\t\t<div data-elementor-type=\"wp-page\" data-elementor-id=\"459\" class=\"elementor elementor-459\">\n\t\t\t\t<div class=\"elementor-element elementor-element-7556d9f e-flex e-con-boxed e-con e-parent\" data-id=\"7556d9f\" data-element_type=\"container\" data-e-type=\"container\">\n\t\t\t\t\t<div class=\"e-con-inner\">\n\t\t\t\t<div class=\"elementor-element elementor-element-292a3ce elementor-widget elementor-widget-text-editor\" data-id=\"292a3ce\" data-element_type=\"widget\" data-e-type=\"widget\" data-widget_type=\"text-editor.default\">\n\t\t\t\t<div class=\"elementor-widget-container\">\n\t\t\t\t\t\t\t\t\t<h1 style=\"color: #430e0f;\">MFB GAZDAS\u00c1G \u00daJJ\u00c1\u00c9P\u00cdT\u00c9SI HITEL PROGRAM &#8211; LEJ\u00c1RT<\/h1>\n<p style=\"text-align: center;\"><span style=\"color: #ff0000;\"><strong>Tisztelt \u00c9rdekl\u0151d\u0151k!<\/strong><\/span><\/p>\n<p style=\"text-align: center;\"><span style=\"color: #ff0000;\">T\u00e1j\u00e9koztatjuk, hogy az<\/span><br>\n<span style=\"color: #ff0000;\">MFB Gazdas\u00e1g \u00dajj\u00e1\u00e9p\u00edt\u00e9si Hitel Program Konstrukci\u00f3<\/span><br>\n<span style=\"color: #ff0000;\">ig\u00e9nybev\u00e9teli hat\u00e1rideje lej\u00e1rt,<\/span><br>\n<span style=\"color: #ff0000;\">jelenleg nincs lehet\u0151s\u00e9g hitelk\u00e9relmek beny\u00fajt\u00e1s\u00e1ra.<\/span><\/p>\t\t\t\t\t\t\t\t<\/div>\n\t\t\t\t<\/div>\n\t\t\t\t\t<\/div>\n\t\t\t\t<\/div>\n\t\t\t\t<\/div>\n\t\t","protected":false},"excerpt":{"rendered":"<p>MFB GAZDAS\u00c1G \u00daJJ\u00c1\u00c9P\u00cdT\u00c9SI HITEL PROGRAM &#8211; LEJ\u00c1RT Tisztelt \u00c9rdekl\u0151d\u0151k! T\u00e1j\u00e9koztatjuk, hogy az MFB Gazdas\u00e1g \u00dajj\u00e1\u00e9p\u00edt\u00e9si Hitel Program Konstrukci\u00f3 ig\u00e9nybev\u00e9teli hat\u00e1rideje lej\u00e1rt, jelenleg nincs lehet\u0151s\u00e9g hitelk\u00e9relmek beny\u00fajt\u00e1s\u00e1ra.<\/p>\n","protected":false},"author":1,"featured_media":0,"parent":0,"menu_order":0,"comment_status":"closed","ping_status":"closed","template":"","meta":{"footnotes":""},"class_list":["post-459","page","type-page","status-publish","hentry"],"rttpg_featured_image_url":null,"rttpg_author":{"display_name":"kvf@dmin","author_link":"https:\/\/www.kavoszvf.hu\/?author=1"},"rttpg_comment":0,"rttpg_category":null,"rttpg_excerpt":"MFB GAZDAS\u00c1G \u00daJJ\u00c1\u00c9P\u00cdT\u00c9SI HITEL PROGRAM &#8211; LEJ\u00c1RT Tisztelt \u00c9rdekl\u0151d\u0151k! T\u00e1j\u00e9koztatjuk, hogy az MFB Gazdas\u00e1g \u00dajj\u00e1\u00e9p\u00edt\u00e9si Hitel Program Konstrukci\u00f3 ig\u00e9nybev\u00e9teli hat\u00e1rideje lej\u00e1rt, jelenleg nincs lehet\u0151s\u00e9g hitelk\u00e9relmek beny\u00fajt\u00e1s\u00e1ra.","_links":{"self":[{"href":"https:\/\/www.kavoszvf.hu\/index.php?rest_route=\/wp\/v2\/pages\/459","targetHints":{"allow":["GET"]}}],"collection":[{"href":"https:\/\/www.kavoszvf.hu\/index.php?rest_route=\/wp\/v2\/pages"}],"about":[{"href":"https:\/\/www.kavoszvf.hu\/index.php?rest_route=\/wp\/v2\/types\/page"}],"author":[{"embeddable":true,"href":"https:\/\/www.kavoszvf.hu\/index.php?rest_route=\/wp\/v2\/users\/1"}],"replies":[{"embeddable":true,"href":"https:\/\/www.kavoszvf.hu\/index.php?rest_route=%2Fwp%2Fv2%2Fcomments&post=459"}],"version-history":[{"count":28,"href":"https:\/\/www.kavoszvf.hu\/index.php?rest_route=\/wp\/v2\/pages\/459\/revisions"}],"predecessor-version":[{"id":491,"href":"https:\/\/www.kavoszvf.hu\/index.php?rest_route=\/wp\/v2\/pages\/459\/revisions\/491"}],"wp:attachment":[{"href":"https:\/\/www.kavoszvf.hu\/index.php?rest_route=%2Fwp%2Fv2%2Fmedia&parent=459"}],"curies":[{"name":"wp","href":"https:\/\/api.w.org\/{rel}","templated":true}]}}