{"id":505,"date":"2025-01-15T13:34:48","date_gmt":"2025-01-15T12:34:48","guid":{"rendered":"https:\/\/www.kavoszvf.hu\/?page_id=505"},"modified":"2025-01-15T13:37:49","modified_gmt":"2025-01-15T12:37:49","slug":"utdij-hitelprogram","status":"publish","type":"page","link":"https:\/\/www.kavoszvf.hu\/?page_id=505","title":{"rendered":"\u00daTD\u00cdJ HITELPROGRAM"},"content":{"rendered":"\t\t<div data-elementor-type=\"wp-page\" data-elementor-id=\"505\" class=\"elementor elementor-505\">\n\t\t\t\t<div class=\"elementor-element elementor-element-a8d32e6 e-flex e-con-boxed e-con e-parent\" data-id=\"a8d32e6\" data-element_type=\"container\" data-e-type=\"container\">\n\t\t\t\t\t<div class=\"e-con-inner\">\n\t\t\t\t<div class=\"elementor-element elementor-element-589a94d elementor-widget elementor-widget-text-editor\" data-id=\"589a94d\" data-element_type=\"widget\" data-e-type=\"widget\" data-widget_type=\"text-editor.default\">\n\t\t\t\t<div class=\"elementor-widget-container\">\n\t\t\t\t\t\t\t\t\t<h1 style=\"color: #430e0f;\">\u00daTD\u00cdJ HITELPROGRAM &#8211; LEJ\u00c1RT<\/h1><div class=\"body\"><div id=\"ct\"><div class=\"row-fluid\"><p>\u00a0<\/p><div class=\"item-page\"><div><p style=\"text-align: center;\"><span style=\"color: #ff0000;\"><strong>Az \u00datd\u00edj Hitelprogram m\u00e1r lez\u00e1rult, \u00faj ig\u00e9nyl\u00e9s nem ny\u00fajthat\u00f3 be.<\/strong><\/span><\/p><\/div><\/div><p>\u00a0<\/p><\/div><\/div><\/div><div><div class=\"custom\"><div id=\"footer3\"><div class=\"custom\">\u00a0<\/div><\/div><\/div><\/div>\t\t\t\t\t\t\t\t<\/div>\n\t\t\t\t<\/div>\n\t\t\t\t\t<\/div>\n\t\t\t\t<\/div>\n\t\t\t\t<\/div>\n\t\t","protected":false},"excerpt":{"rendered":"<p>\u00daTD\u00cdJ HITELPROGRAM &#8211; LEJ\u00c1RT \u00a0 Az \u00datd\u00edj Hitelprogram m\u00e1r lez\u00e1rult, \u00faj ig\u00e9nyl\u00e9s nem ny\u00fajthat\u00f3 be. \u00a0 \u00a0<\/p>\n","protected":false},"author":1,"featured_media":0,"parent":0,"menu_order":0,"comment_status":"closed","ping_status":"closed","template":"","meta":{"footnotes":""},"class_list":["post-505","page","type-page","status-publish","hentry"],"rttpg_featured_image_url":null,"rttpg_author":{"display_name":"kvf@dmin","author_link":"https:\/\/www.kavoszvf.hu\/?author=1"},"rttpg_comment":0,"rttpg_category":null,"rttpg_excerpt":"\u00daTD\u00cdJ HITELPROGRAM &#8211; LEJ\u00c1RT \u00a0 Az \u00datd\u00edj Hitelprogram m\u00e1r lez\u00e1rult, \u00faj ig\u00e9nyl\u00e9s nem ny\u00fajthat\u00f3 be. \u00a0 \u00a0","_links":{"self":[{"href":"https:\/\/www.kavoszvf.hu\/index.php?rest_route=\/wp\/v2\/pages\/505","targetHints":{"allow":["GET"]}}],"collection":[{"href":"https:\/\/www.kavoszvf.hu\/index.php?rest_route=\/wp\/v2\/pages"}],"about":[{"href":"https:\/\/www.kavoszvf.hu\/index.php?rest_route=\/wp\/v2\/types\/page"}],"author":[{"embeddable":true,"href":"https:\/\/www.kavoszvf.hu\/index.php?rest_route=\/wp\/v2\/users\/1"}],"replies":[{"embeddable":true,"href":"https:\/\/www.kavoszvf.hu\/index.php?rest_route=%2Fwp%2Fv2%2Fcomments&post=505"}],"version-history":[{"count":7,"href":"https:\/\/www.kavoszvf.hu\/index.php?rest_route=\/wp\/v2\/pages\/505\/revisions"}],"predecessor-version":[{"id":513,"href":"https:\/\/www.kavoszvf.hu\/index.php?rest_route=\/wp\/v2\/pages\/505\/revisions\/513"}],"wp:attachment":[{"href":"https:\/\/www.kavoszvf.hu\/index.php?rest_route=%2Fwp%2Fv2%2Fmedia&parent=505"}],"curies":[{"name":"wp","href":"https:\/\/api.w.org\/{rel}","templated":true}]}}